t are the prime factors of 130565?
5, 26113
What are the prime factors of 2539?
2539
List the prime factors of 2467.
2467
List the prime factors of 101965.
5, 20393
What are the prime factors of 6290?
2, 5, 17, 37
List the prime factors of 538.
2, 269
What are the prime factors of 2371?
2371
What are the prime factors of 84010?
2, 5, 31, 271
List the prime factors of 149.
149
List the prime factors of 8602.
2, 11, 17, 23
What are the prime factors of 11732?
2, 7, 419
List the prime factors of 27724.
2, 29, 239
What are the prime factors of 3741?
3, 29, 43
List the prime factors of 9896.
2, 1237
List the prime factors of 5083.
13, 17, 23
What are the prime factors of 620?
2, 5, 31
List the prime factors of 203.
7, 29
What are the prime factors of 1855?
5, 7, 53
What are the prime factors of 338?
2, 13
List the prime factors of 1052.
2, 263
What are the prime factors of 6753?
3, 2251
What are the prime factors of 161299?
23, 7013
What are the prime factors of 73037?
73037
What are the prime factors of 909?
3, 101
What are the prime factors of 453?
3, 151
What are the prime factors of 2149?
7, 307
List the prime factors of 629.
17, 37
List the prime factors of 3990.
2, 3, 5, 7, 19
List the prime factors of 4122.
2, 3, 229
What are the prime factors of 66992?
2, 53, 79
List the prime factors of 3138.
2, 3, 523
What are the prime factors of 323?
17, 19
List the prime factors of 407.
11, 37
List the prime factors of 8853.
3, 13, 227
What are the prime factors of 45987?
3, 15329
List the prime factors of 51.
3, 17
What are the prime factors of 4408?
2, 19, 29
List the prime factors of 74112.
2, 3, 193
List the prime factors of 18237.
3, 6079
What are the prime factors of 24877?
24877
List the prime factors of 1898.
2, 13, 73
List the prime factors of 2025.
3, 5
List the prime factors of 925.
5, 37
What are the prime factors of 113?
113
What are the prime factors of 298?
2, 149
List the prime factors of 66353.
7, 9479
List the prime factors of 7302.
2, 3, 1217
List the prime factors of 590.
2, 5, 59
List the prime factors of 11667.
3, 3889
What are the prime factors of 1066?
2, 13, 41
What are the prime factors of 5026?
2, 7, 359
List the prime factors of 709.
709
List the prime factors of 5446.
2, 7, 389
What are the prime factors of 4325?
5, 173
What are the prime factors of 9686?
2, 29, 167
List the prime factors of 1402.
2, 701
What are the prime factors of 14062?
2, 79, 89
List the prime factors of 18753.
3, 7, 19, 47
List the prime factors of 792.
2, 3, 11
List the prime factors of 654.
2, 3, 109
What are the prime factors of 3262?
2, 7, 233
List the prime factors of 7016.
2, 877
List the prime factors of 21.
3, 7
What are the prime factors of 8836?
2, 47
List the prime factors of 5879.
5879
List the prime factors of 50759.
193, 263
What are the prime factors of 47636?
2, 11909
List the prime factors of 812.
2, 7, 29
What are the prime factors of 4226?
2, 2113
List the prime factors of 1856.
2, 29
What are the prime factors of 3512?
2, 439
List the prime factors of 532.
2, 7, 19
List the prime factors of 4977.
3, 7, 79
What are the prime factors of 29626?
2, 14813
List the prime factors of 2936.
2, 367
What are the prime factors of 890?
2, 5, 89
What are the prime factors of 37776?
2, 3, 787
What are the prime factors of 222?
2, 3, 37
What are the prime factors of 430?
2, 5, 43
List the prime factors of 83135.
5, 13, 1279
List the prime factors of 9727.
71, 137
What are the prime factors of 2174?
2, 1087
List the prime factors of 23420.
2, 5, 1171
List the prime factors of 16706.
2, 8353
List the prime factors of 15543.
3, 11, 157
List the prime factors of 86191.
7, 1759
What are the prime factors of 3239?
41, 79
What are the prime factors of 5849?
5849
List the prime factors of 38.
2, 19
What are the prime factors of 3144?
2, 3, 131
List the prime factors of 63904.
2, 1997
What are the prime factors of 14551?
14551
List the prime factors of 108497.
108497
What are the prime factors of 111117?
3, 37039
What are the prime factors of 689?
13, 53
What are the prime factors of 3942?
2, 3, 73
What are the prime factors of 1088?
2, 17
What are the prime factors of 4934?
2, 2467
What are the prime factors of 27591?
3, 17, 541
What are the prime factors of 1360?
2, 5, 17
What are the prime factors of 98313?
3, 32771
What are the prime factors of 29869?
7, 17, 251
What are the prime factors of 317?
317
What are the prime factors of 343?
7
List the prime factors of 11754.
2, 3, 653
What are the prime factors of 34006?
2, 7, 347
What are the prime factors of 15125?
5, 11
List the prime factors of 3713.
47, 79
List the prime factors of 47325.
3, 5, 631
What are the prime factors of 5638?
2, 2819
What are the prime factors of 102724?
2, 61, 421
List the prime factors of 6547.
6547
What are the prime factors of 3937?
31, 127
List the prime factors of 21648.
2, 3, 11, 41
List the prime factors of 2629.
11, 239
What are the prime factors of 565?
5, 113
List the prime factors of 2585.
5, 11, 47
What are the prime factors of 3068?
2, 13, 59
List the prime factors of 167.
167
List the prime factors of 1581.
3, 17, 31
List the prime factors of 2591.
2591
What are the prime factors of 119906?
2, 167, 359
What are the prime factors of 31190?
2, 5, 3119
List the prime factors of 62567.
19, 37, 89
What are the prime factors of 6201?
3, 13, 53
List the prime factors of 25140.
2, 3, 5, 419
What are the prime factors of 31988?
2, 11, 727
List the prime factors of 661.
661
What are the prime factors of 1641?
3, 547
List the prime factors of 516.
2, 3, 43
List the prime factors of 2186.
2, 1093
What are the prime factors of 12266?
2, 6133
What are the prime factors of 90504?
2, 3, 419
List the prime factors of 10211.
10211
What are the prime factors of 13697?
13697
What are the prime factors of 198?
2, 3, 11
What are the prime factors of 9385?
5, 1877
What are the prime factors of 9074?
2, 13, 349
What are the prime factors of 20710?
2, 5, 19, 109
What are the prime factors of 37948?
2, 53, 179
What are the prime factors of 627?
3, 11, 19
What are the prime factors of 10507?
7, 19, 79
What are the prime factors of 287?
7, 41
List the prime factors of 6497.
73, 89
What are the prime factors of 1351?
7, 193
List the prime factors of 11444.
2, 2861
What are the prime factors of 9518?
2, 4759
What are the prime factors of 43296?
2, 3, 11, 41
List the prime factors of 14094.
2, 3, 29
List the prime factors of 844.
2, 211
List the prime factors of 5670.
2, 3, 5, 7
List the prime factors of 17658.
2, 3, 109
What are the prime factors of 15722?
2, 7, 1123
List the prime factors of 2755.
5, 19, 29
List the prime factors of 5492.
2, 1373
List the prime factors of 1850.
2, 5, 37
List the prime factors of 2195.
5, 439
What are the prime factors of 9525?
3, 5, 127
List the prime factors of 83442.
2, 3, 13907
What are the prime factors of 153709?
23, 41, 163
List the prime factors of 31535.
5, 7, 17, 53
What are the prime factors of 2235?
3, 5, 149
What are the prime factors of 287?
7, 41
What are the prime factors of 510?
2, 3, 5, 17
List the prime factors of 11100.
2, 3, 5, 37
List the prime factors of 11713.
13, 17, 53
List the prime factors of 3825.
3, 5, 17
What are the prime factors of 25895?
5, 5179
List the prime factors of 2143.
2143
What are the prime factors of 6380?
2, 5, 11, 29
List the prime factors of 8879.
13, 683
List the prime factors of 4924.
2, 1231
List the prime factors of 381.
3, 127
What are the prime factors of 46668?
2, 3, 3889
List the prime factors of 2934.
2, 3, 163
What are the prime factors of 1345?
5, 269
List the prime factors of 156.
2, 3, 13
List the prime factors of 479.
479
List the prime factors of 46231.
83, 557
List the prime factors of 398.
2, 199
List the prime factors of 1690.
2, 5, 13
List the prime factors of 4214.
2, 7, 43
List the prime factors of 653.
653
List the prime factors of 1681.
41
What are the prime factors of 2465?
5, 17, 29
What are the prime factors of 4872?
2, 3, 7, 29
List the prime factors of 11465.
5, 2293
What are the prime factors of 52?
2, 13
What are the prime factors of 49547?
49547
What are the prime factors of 427?
7, 61
What are the prime factors of 2474?
2, 1237
What are the prime factors of 3526?
2, 41, 43
Lis